{"id":96,"date":"2022-05-12T09:09:28","date_gmt":"2022-05-12T08:09:28","guid":{"rendered":"https:\/\/www.kunszallasse.hu\/?page_id=96"},"modified":"2026-03-30T16:07:45","modified_gmt":"2026-03-30T15:07:45","slug":"kozzetetel","status":"publish","type":"page","link":"https:\/\/www.kunszallasse.hu\/","title":{"rendered":"K\u00f6zz\u00e9t\u00e9tel"},"content":{"rendered":"\n<hr class=\"wp-block-separator has-css-opacity\"\/>\n\n\n\n<p><strong>2026\/27 m\u0171k\u00f6d\u00e9s:<\/strong><\/p>\n\n\n\n<p class=\"has-text-align-center\"><a href=\"https:\/\/www.kunszallasse.hu\/wp-content\/uploads\/2026\/03\/Program_Kunszallas-SE_26-27.pdf\" data-type=\"attachment\" data-id=\"162\">2026\/27 Program<\/a><\/p>\n\n\n\n<p class=\"has-text-align-center\"><a href=\"https:\/\/www.kunszallasse.hu\/wp-content\/uploads\/2026\/03\/Hatarozat_Kunszallas-SE_26-27.pdf\" data-type=\"attachment\" data-id=\"163\">2026\/27 Hat\u00e1rozat<\/a><\/p>\n\n\n\n<p><\/p>\n\n\n\n\n<p><strong>2025\/26 m\u0171k\u00f6d\u00e9s:<\/strong><\/p>\n\n\n\n<p class=\"has-text-align-center\"><a href=\"https:\/\/www.kunszallasse.hu\/wp-content\/uploads\/2025\/05\/Program_Kunszallas_25-26.pdf\" data-type=\"attachment\" data-id=\"162\">2025\/26 Program<\/a><\/p>\n\n\n\n<p class=\"has-text-align-center\"><a href=\"https:\/\/www.kunszallasse.hu\/wp-content\/uploads\/2025\/05\/TAO-hatarozat_Kunszallas_25-26.pdf\" data-type=\"attachment\" data-id=\"163\">2025\/26 Hat\u00e1rozat<\/a><\/p>\n\n\n\n<p><\/p>\n\n\n\n\n<p><strong>2024\/25 m\u0171k\u00f6d\u00e9s:<\/strong><\/p>\n\n\n\n<p class=\"has-text-align-center\"><a href=\"https:\/\/www.kunszallasse.hu\/wp-content\/uploads\/2024\/04\/Program_Kunszallas-SE_24-25_mukodesi.pdf\" data-type=\"attachment\" data-id=\"162\">2024\/25 Program<\/a><\/p>\n\n\n\n<p class=\"has-text-align-center\"><a href=\"https:\/\/www.kunszallasse.hu\/wp-content\/uploads\/2024\/04\/Hatarozat_Kunszallas-SE_24-25_mukodesi.pdf\" data-type=\"attachment\" data-id=\"163\">2024\/25 Hat\u00e1rozat<\/a><\/p>\n\n\n\n<p><\/p>\n\n\n\n\n<p><strong>2023\/24 m\u0171k\u00f6d\u00e9s:<\/strong><\/p>\n\n\n\n<p class=\"has-text-align-center\"><a href=\"https:\/\/www.kunszallasse.hu\/wp-content\/uploads\/2023\/03\/Program_Kunszallas-SE_23-24_mukodes.pdf\" data-type=\"attachment\" data-id=\"162\">2023\/24 Program<\/a><\/p>\n\n\n\n<p class=\"has-text-align-center\"><a href=\"https:\/\/www.kunszallasse.hu\/wp-content\/uploads\/2023\/03\/Hatarozat_Kunszallas-SE_23-24_mukodes.pdf\" data-type=\"attachment\" data-id=\"163\">2023\/24 Hat\u00e1rozat<\/a><\/p>\n\n\n\n<p><\/p>\n\n\n\n<p><strong>2022\/23 Ingatlan p\u00e1ly\u00e1zati anyag:<\/strong><\/p>\n\n\n\n<p class=\"has-text-align-center\"><a href=\"https:\/\/www.kunszallasse.hu\/wp-content\/uploads\/2023\/02\/230125_beerkezett_ajanlatok.pdf\">Be\u00e9rkezett aj\u00e1nlatok<\/a><\/p>\n\n\n\n<p class=\"has-text-align-center\"><a href=\"https:\/\/www.kunszallasse.hu\/wp-content\/uploads\/2023\/01\/230105-Palyazati-felhivas-20x40-mufuves-palya-epites_01_05.docx\">P\u00e1ly\u00e1zati felh\u00edv\u00e1s<\/a><\/p>\n\n\n\n<p class=\"has-text-align-center\"><a href=\"https:\/\/www.kunszallasse.hu\/wp-content\/uploads\/2022\/10\/Program_ingatlan-program_22-23.pdf\">2022\/23 Program<\/a><\/p>\n\n\n\n<p class=\"has-text-align-center\"><a href=\"https:\/\/www.kunszallasse.hu\/wp-content\/uploads\/2022\/10\/Hatarozat_ingatlan-program_22-23.pdf\">2022\/23 Hat\u00e1rozat<\/a><\/p>\n\n\n\n<p><\/p>\n\n\n\n<p><strong>2022\/23 TAO p\u00e1ly\u00e1zati anyag:<\/strong><\/p>\n\n\n\n<p class=\"has-text-align-center\"><a href=\"http:\/\/www.kunszallasse.hu\/wp-content\/uploads\/2022\/05\/Program_Kunszallas-SE_22-23.pdf\">2022\/23 Program<\/a><\/p>\n\n\n\n<p class=\"has-text-align-center\"><a href=\"http:\/\/www.kunszallasse.hu\/wp-content\/uploads\/2022\/05\/Hatarozat_Kunszallas-SE_22-23.pdf\">2022\/23 Hat\u00e1rozat<\/a><\/p>\n\n\n\n<p><\/p>\n\n\n\n<p><strong>2021\/22 TAO p\u00e1ly\u00e1zati anyag:<\/strong><\/p>\n\n\n\n<p class=\"has-text-align-center\"><a href=\"http:\/\/www.kunszallasse.hu\/wp-content\/uploads\/2021\/05\/Program_Kunszallas_21-22.pdf\">2021\/22 Program<\/a><\/p>\n\n\n\n<p class=\"has-text-align-center\"><a href=\"http:\/\/www.kunszallasse.hu\/wp-content\/uploads\/2021\/05\/Hatarozat_Kunszallas_21-22.pdf\">2021\/22 Hat\u00e1rozat<\/a><\/p>\n\n\n\n<p><\/p>\n\n\n\n<p><strong>2020\/21 TAO p\u00e1ly\u00e1zati anyag:<\/strong><\/p>\n\n\n\n<p class=\"has-text-align-center\"><a href=\"http:\/\/www.kunszallasse.hu\/wp-content\/uploads\/2020\/09\/Program_20-21_Kunszallas-SE.pdf\">2020\/21 Program<\/a><\/p>\n\n\n\n<p class=\"has-text-align-center\"><a href=\"http:\/\/www.kunszallasse.hu\/wp-content\/uploads\/2020\/09\/Hatarozat_20-21_Kunszallas-SE.pdf\">2020\/21 Hat\u00e1rozat<\/a><\/p>\n\n\n\n<p><\/p>\n\n\n\n<p><strong>2019\/20 TAO p\u00e1ly\u00e1zati anyag:<\/strong><\/p>\n\n\n\n<p class=\"has-text-align-center\"><a href=\"http:\/\/www.kunszallasse.hu\/wp-content\/uploads\/2019\/11\/Program_Kunsz\u00e1ll\u00e1s_19_20.pdf\">2019\/20 Program<\/a><\/p>\n\n\n\n<p class=\"has-text-align-center\"><a href=\"http:\/\/www.kunszallasse.hu\/wp-content\/uploads\/2019\/11\/Hat\u00e1rozat_Kunsz\u00e1ll\u00e1s_19_20.pdf\">2019\/20 Hat\u00e1rozat<\/a><\/p>\n\n\n\n<p><\/p>\n\n\n\n<p><strong>2018\/19 TAO p\u00e1ly\u00e1zati anyag:<\/strong><\/p>\n\n\n\n<p class=\"has-text-align-center\"><a href=\"http:\/\/www.kunszallasse.hu\/wp-content\/uploads\/2018\/11\/sfp_kerelem_23457_20180502_15252532_1525253275.pdf\">2018\/19 Program<\/a><\/p>\n\n\n\n<p class=\"has-text-align-center\"><a href=\"http:\/\/www.kunszallasse.hu\/wp-content\/uploads\/2018\/11\/sfpjovahagyohatarozat_1529321263.pdf\">2018\/19 Hat\u00e1rozat<\/a><\/p>\n\n\n\n<p><\/p>\n\n\n\n<p><strong>2017\/18 TAO p\u00e1ly\u00e1zati anyag:<\/strong><\/p>\n\n\n\n<p class=\"has-text-align-center\"><a href=\"http:\/\/www.kunszallasse.hu\/wp-content\/uploads\/2017\/12\/6301.pdf\">2017\/18 Program<\/a><\/p>\n\n\n\n<p class=\"has-text-align-center\"><a href=\"http:\/\/www.kunszallasse.hu\/wp-content\/uploads\/2017\/12\/6283.pdf\">2017\/18 Hat\u00e1rozat<\/a><\/p>\n","protected":false},"excerpt":{"rendered":"<p>2026\/27 m\u0171k\u00f6d\u00e9s: 2026\/27 Program 2026\/27 Hat\u00e1rozat 2025\/26 m\u0171k\u00f6d\u00e9s: 2025\/26 Program 2025\/26 Hat\u00e1rozat 2024\/25 m\u0171k\u00f6d\u00e9s: 2024\/25 Program 2024\/25 Hat\u00e1rozat 2023\/24 m\u0171k\u00f6d\u00e9s: 2023\/24 Program 2023\/24 Hat\u00e1rozat 2022\/23 Ingatlan p\u00e1ly\u00e1zati anyag: Be\u00e9rkezett aj\u00e1nlatok P\u00e1ly\u00e1zati felh\u00edv\u00e1s 2022\/23 Program 2022\/23 Hat\u00e1rozat 2022\/23 TAO p\u00e1ly\u00e1zati anyag: 2022\/23 Program 2022\/23 Hat\u00e1rozat 2021\/22 TAO p\u00e1ly\u00e1zati anyag: 2021\/22 Program 2021\/22 Hat\u00e1rozat 2020\/21 TAO p\u00e1ly\u00e1zati &hellip; <\/p>\n<p class=\"link-more\"><a href=\"https:\/\/www.kunszallasse.hu\/\" class=\"more-link\"><span class=\"screen-reader-text\">&#8222;K\u00f6zz\u00e9t\u00e9tel&#8221;<\/span> b\u0151vebben<\/a><\/p>\n","protected":false},"author":1,"featured_media":0,"parent":0,"menu_order":0,"comment_status":"closed","ping_status":"closed","template":"","meta":{"footnotes":""},"class_list":["post-96","page","type-page","status-publish","hentry"],"_links":{"self":[{"href":"https:\/\/www.kunszallasse.hu\/index.php?rest_route=\/wp\/v2\/pages\/96","targetHints":{"allow":["GET"]}}],"collection":[{"href":"https:\/\/www.kunszallasse.hu\/index.php?rest_route=\/wp\/v2\/pages"}],"about":[{"href":"https:\/\/www.kunszallasse.hu\/index.php?rest_route=\/wp\/v2\/types\/page"}],"author":[{"embeddable":true,"href":"https:\/\/www.kunszallasse.hu\/index.php?rest_route=\/wp\/v2\/users\/1"}],"replies":[{"embeddable":true,"href":"https:\/\/www.kunszallasse.hu\/index.php?rest_route=%2Fwp%2Fv2%2Fcomments&post=96"}],"version-history":[{"count":22,"href":"https:\/\/www.kunszallasse.hu\/index.php?rest_route=\/wp\/v2\/pages\/96\/revisions"}],"predecessor-version":[{"id":197,"href":"https:\/\/www.kunszallasse.hu\/index.php?rest_route=\/wp\/v2\/pages\/96\/revisions\/197"}],"wp:attachment":[{"href":"https:\/\/www.kunszallasse.hu\/index.php?rest_route=%2Fwp%2Fv2%2Fmedia&parent=96"}],"curies":[{"name":"wp","href":"https:\/\/api.w.org\/{rel}","templated":true}]}}